{"id":3028,"date":"2026-02-13T09:33:09","date_gmt":"2026-02-13T14:33:09","guid":{"rendered":"http:\/\/172.105.18.252\/?page_id=3028"},"modified":"2026-04-23T18:43:38","modified_gmt":"2026-04-23T23:43:38","slug":"conquisstadores","status":"publish","type":"page","link":"http:\/\/172.105.103.139\/?page_id=3028","title":{"rendered":"Conquisstadores"},"content":{"rendered":"\t\t<div data-elementor-type=\"wp-page\" data-elementor-id=\"3028\" class=\"elementor elementor-3028\">\n\t\t\t\t\t\t<section class=\"elementor-section elementor-top-section elementor-element elementor-element-2d696c3 elementor-section-full_width elementor-section-height-default elementor-section-height-default\" data-id=\"2d696c3\" data-element_type=\"section\" data-e-type=\"section\">\n\t\t\t\t\t\t<div class=\"elementor-container elementor-column-gap-default\">\n\t\t\t\t\t<div class=\"elementor-column elementor-col-100 elementor-top-column elementor-element elementor-element-a83cb34\" data-id=\"a83cb34\" data-element_type=\"column\" data-e-type=\"column\">\n\t\t\t<div class=\"elementor-widget-wrap elementor-element-populated\">\n\t\t\t\t\t\t<div class=\"elementor-element elementor-element-fe3e692 elementor-widget elementor-widget-image\" data-id=\"fe3e692\" data-element_type=\"widget\" data-e-type=\"widget\" data-widget_type=\"image.default\">\n\t\t\t\t<div class=\"elementor-widget-container\">\n\t\t\t\t\t\t\t\t\t\t\t\t\t\t\t<img fetchpriority=\"high\" decoding=\"async\" width=\"2560\" height=\"1095\" src=\"https:\/\/172.105.103.139\/wp-content\/uploads\/2026\/02\/CONQUISSTADORES-BANNER-scaled.jpg\" class=\"attachment-full size-full wp-image-3038\" alt=\"\" srcset=\"https:\/\/172.105.103.139\/wp-content\/uploads\/2026\/02\/CONQUISSTADORES-BANNER-scaled.jpg 2560w, https:\/\/172.105.103.139\/wp-content\/uploads\/2026\/02\/CONQUISSTADORES-BANNER-300x128.jpg 300w, https:\/\/172.105.103.139\/wp-content\/uploads\/2026\/02\/CONQUISSTADORES-BANNER-1024x438.jpg 1024w, https:\/\/172.105.103.139\/wp-content\/uploads\/2026\/02\/CONQUISSTADORES-BANNER-768x328.jpg 768w, https:\/\/172.105.103.139\/wp-content\/uploads\/2026\/02\/CONQUISSTADORES-BANNER-1536x657.jpg 1536w, https:\/\/172.105.103.139\/wp-content\/uploads\/2026\/02\/CONQUISSTADORES-BANNER-2048x876.jpg 2048w\" sizes=\"(max-width: 2560px) 100vw, 2560px\" \/>\t\t\t\t\t\t\t\t\t\t\t\t\t\t\t<\/div>\n\t\t\t\t<\/div>\n\t\t\t\t\t<\/div>\n\t\t<\/div>\n\t\t\t\t\t<\/div>\n\t\t<\/section>\n\t\t\t\t<section class=\"elementor-section elementor-top-section elementor-element elementor-element-4722b16 elementor-section-boxed elementor-section-height-default elementor-section-height-default\" data-id=\"4722b16\" data-element_type=\"section\" data-e-type=\"section\" data-settings=\"{&quot;background_background&quot;:&quot;classic&quot;}\">\n\t\t\t\t\t\t\t<div class=\"elementor-background-overlay\"><\/div>\n\t\t\t\t\t\t\t<div class=\"elementor-container elementor-column-gap-default\">\n\t\t\t\t\t<div class=\"elementor-column elementor-col-100 elementor-top-column elementor-element elementor-element-321e991\" data-id=\"321e991\" data-element_type=\"column\" data-e-type=\"column\">\n\t\t\t<div class=\"elementor-widget-wrap elementor-element-populated\">\n\t\t\t\t\t\t<div class=\"elementor-element elementor-element-584c91a elementor-widget elementor-widget-text-editor\" data-id=\"584c91a\" data-element_type=\"widget\" data-e-type=\"widget\" data-widget_type=\"text-editor.default\">\n\t\t\t\t<div class=\"elementor-widget-container\">\n\t\t\t\t\t\t\t\t\t<h1 style=\"text-align: center;\" data-olk-copy-source=\"MailCompose\"><i><strong><span style=\"color: #7cb1f7;\">Programa experiencial<\/span><\/strong> que fortalece liderazgo, influencia y gesti\u00f3n por procesos a trav\u00e9s de metodolog\u00eda MTa\u00ae.<\/i><\/h1>\t\t\t\t\t\t\t\t<\/div>\n\t\t\t\t<\/div>\n\t\t\t\t\t<\/div>\n\t\t<\/div>\n\t\t\t\t\t<\/div>\n\t\t<\/section>\n\t\t\t\t<section class=\"elementor-section elementor-top-section elementor-element elementor-element-9c13da3 elementor-section-full_width elementor-section-height-default elementor-section-height-default\" data-id=\"9c13da3\" data-element_type=\"section\" data-e-type=\"section\" data-settings=\"{&quot;background_background&quot;:&quot;classic&quot;}\">\n\t\t\t\t\t\t<div class=\"elementor-container elementor-column-gap-no\">\n\t\t\t\t\t<div class=\"elementor-column elementor-col-100 elementor-top-column elementor-element elementor-element-d11a2c6\" data-id=\"d11a2c6\" data-element_type=\"column\" data-e-type=\"column\">\n\t\t\t<div class=\"elementor-widget-wrap elementor-element-populated\">\n\t\t\t\t\t\t<div class=\"elementor-element elementor-element-acf0099 elementor-widget elementor-widget-image\" data-id=\"acf0099\" data-element_type=\"widget\" data-e-type=\"widget\" data-widget_type=\"image.default\">\n\t\t\t\t<div class=\"elementor-widget-container\">\n\t\t\t\t\t\t\t\t\t\t\t\t\t\t\t<img decoding=\"async\" width=\"2560\" height=\"1208\" src=\"https:\/\/172.105.103.139\/wp-content\/uploads\/2026\/02\/Que-es-conquisstadores-1-scaled.jpg\" class=\"attachment-full size-full wp-image-3043\" alt=\"\" srcset=\"https:\/\/172.105.103.139\/wp-content\/uploads\/2026\/02\/Que-es-conquisstadores-1-scaled.jpg 2560w, https:\/\/172.105.103.139\/wp-content\/uploads\/2026\/02\/Que-es-conquisstadores-1-300x142.jpg 300w, https:\/\/172.105.103.139\/wp-content\/uploads\/2026\/02\/Que-es-conquisstadores-1-1024x483.jpg 1024w, https:\/\/172.105.103.139\/wp-content\/uploads\/2026\/02\/Que-es-conquisstadores-1-768x362.jpg 768w, https:\/\/172.105.103.139\/wp-content\/uploads\/2026\/02\/Que-es-conquisstadores-1-1536x725.jpg 1536w, https:\/\/172.105.103.139\/wp-content\/uploads\/2026\/02\/Que-es-conquisstadores-1-2048x966.jpg 2048w\" sizes=\"(max-width: 2560px) 100vw, 2560px\" \/>\t\t\t\t\t\t\t\t\t\t\t\t\t\t\t<\/div>\n\t\t\t\t<\/div>\n\t\t\t\t\t<\/div>\n\t\t<\/div>\n\t\t\t\t\t<\/div>\n\t\t<\/section>\n\t\t\t\t<section class=\"elementor-section elementor-top-section elementor-element elementor-element-d9aa9cb elementor-section-boxed elementor-section-height-default elementor-section-height-default\" data-id=\"d9aa9cb\" data-element_type=\"section\" data-e-type=\"section\">\n\t\t\t\t\t\t<div class=\"elementor-container elementor-column-gap-default\">\n\t\t\t\t\t<div class=\"elementor-column elementor-col-100 elementor-top-column elementor-element elementor-element-4dabbce\" data-id=\"4dabbce\" data-element_type=\"column\" data-e-type=\"column\">\n\t\t\t<div class=\"elementor-widget-wrap elementor-element-populated\">\n\t\t\t\t\t\t<div class=\"elementor-element elementor-element-2665b98 elementor-widget-divider--view-line elementor-widget elementor-widget-divider\" data-id=\"2665b98\" data-element_type=\"widget\" data-e-type=\"widget\" data-widget_type=\"divider.default\">\n\t\t\t\t<div class=\"elementor-widget-container\">\n\t\t\t\t\t\t\t<div class=\"elementor-divider\">\n\t\t\t<span class=\"elementor-divider-separator\">\n\t\t\t\t\t\t<\/span>\n\t\t<\/div>\n\t\t\t\t\t\t<\/div>\n\t\t\t\t<\/div>\n\t\t\t\t\t<\/div>\n\t\t<\/div>\n\t\t\t\t\t<\/div>\n\t\t<\/section>\n\t\t\t\t<section class=\"elementor-section elementor-top-section elementor-element elementor-element-27730cf elementor-section-boxed elementor-section-height-default elementor-section-height-default\" data-id=\"27730cf\" data-element_type=\"section\" data-e-type=\"section\">\n\t\t\t\t\t\t<div class=\"elementor-container elementor-column-gap-default\">\n\t\t\t\t\t<div class=\"elementor-column elementor-col-100 elementor-top-column elementor-element elementor-element-210d1c5\" data-id=\"210d1c5\" data-element_type=\"column\" data-e-type=\"column\">\n\t\t\t<div class=\"elementor-widget-wrap elementor-element-populated\">\n\t\t\t\t\t\t<div class=\"elementor-element elementor-element-32cf7dd elementor-widget elementor-widget-heading\" data-id=\"32cf7dd\" data-element_type=\"widget\" data-e-type=\"widget\" data-widget_type=\"heading.default\">\n\t\t\t\t<div class=\"elementor-widget-container\">\n\t\t\t\t\t<h2 class=\"elementor-heading-title elementor-size-default\">\u00bfA qui\u00e9n esta dirigido?<\/h2>\t\t\t\t<\/div>\n\t\t\t\t<\/div>\n\t\t\t\t\t<\/div>\n\t\t<\/div>\n\t\t\t\t\t<\/div>\n\t\t<\/section>\n\t\t\t\t<section class=\"elementor-section elementor-top-section elementor-element elementor-element-eeffafb elementor-section-boxed elementor-section-height-default elementor-section-height-default\" data-id=\"eeffafb\" data-element_type=\"section\" data-e-type=\"section\">\n\t\t\t\t\t\t<div class=\"elementor-container elementor-column-gap-default\">\n\t\t\t\t\t<div class=\"elementor-column elementor-col-100 elementor-top-column elementor-element elementor-element-cfd4606\" data-id=\"cfd4606\" data-element_type=\"column\" data-e-type=\"column\">\n\t\t\t<div class=\"elementor-widget-wrap elementor-element-populated\">\n\t\t\t\t\t\t<div class=\"elementor-element elementor-element-9312f34 elementor-widget elementor-widget-image\" data-id=\"9312f34\" data-element_type=\"widget\" data-e-type=\"widget\" data-widget_type=\"image.default\">\n\t\t\t\t<div class=\"elementor-widget-container\">\n\t\t\t\t\t\t\t\t\t\t\t\t\t\t\t<img decoding=\"async\" width=\"1500\" height=\"518\" src=\"https:\/\/172.105.103.139\/wp-content\/uploads\/2026\/02\/collage-different-photos-concept-different-occupation.jpg\" class=\"attachment-full size-full wp-image-3039\" alt=\"\" srcset=\"https:\/\/172.105.103.139\/wp-content\/uploads\/2026\/02\/collage-different-photos-concept-different-occupation.jpg 1500w, https:\/\/172.105.103.139\/wp-content\/uploads\/2026\/02\/collage-different-photos-concept-different-occupation-300x104.jpg 300w, https:\/\/172.105.103.139\/wp-content\/uploads\/2026\/02\/collage-different-photos-concept-different-occupation-1024x354.jpg 1024w, https:\/\/172.105.103.139\/wp-content\/uploads\/2026\/02\/collage-different-photos-concept-different-occupation-768x265.jpg 768w\" sizes=\"(max-width: 1500px) 100vw, 1500px\" \/>\t\t\t\t\t\t\t\t\t\t\t\t\t\t\t<\/div>\n\t\t\t\t<\/div>\n\t\t\t\t\t<\/div>\n\t\t<\/div>\n\t\t\t\t\t<\/div>\n\t\t<\/section>\n\t\t\t\t<section class=\"elementor-section elementor-top-section elementor-element elementor-element-c35bae3 elementor-section-boxed elementor-section-height-default elementor-section-height-default\" data-id=\"c35bae3\" data-element_type=\"section\" data-e-type=\"section\" data-settings=\"{&quot;background_background&quot;:&quot;classic&quot;}\">\n\t\t\t\t\t\t<div class=\"elementor-container elementor-column-gap-default\">\n\t\t\t\t\t<div class=\"elementor-column elementor-col-100 elementor-top-column elementor-element elementor-element-dc14356\" data-id=\"dc14356\" data-element_type=\"column\" data-e-type=\"column\">\n\t\t\t<div class=\"elementor-widget-wrap elementor-element-populated\">\n\t\t\t\t\t\t<div class=\"elementor-element elementor-element-6d85668 elementor-widget elementor-widget-text-editor\" data-id=\"6d85668\" data-element_type=\"widget\" data-e-type=\"widget\" data-widget_type=\"text-editor.default\">\n\t\t\t\t<div class=\"elementor-widget-container\">\n\t\t\t\t\t\t\t\t\t<ul><li>Equipos de SST \/ HSE.<\/li><li>L\u00edderes de Seguridad y Salud en el Trabajo.<\/li><li>Organizaciones que buscan fortalecer su cultura preventiva.<\/li><li>Empresas que quieren posicionar el \u00e1rea de HSE como aliado estrat\u00e9gico del negocio.<\/li><\/ul>\t\t\t\t\t\t\t\t<\/div>\n\t\t\t\t<\/div>\n\t\t\t\t\t<\/div>\n\t\t<\/div>\n\t\t\t\t\t<\/div>\n\t\t<\/section>\n\t\t\t\t<section class=\"elementor-section elementor-top-section elementor-element elementor-element-3513a37 elementor-section-boxed elementor-section-height-default elementor-section-height-default\" data-id=\"3513a37\" data-element_type=\"section\" data-e-type=\"section\">\n\t\t\t\t\t\t<div class=\"elementor-container elementor-column-gap-default\">\n\t\t\t\t\t<div class=\"elementor-column elementor-col-100 elementor-top-column elementor-element elementor-element-5948c7a\" data-id=\"5948c7a\" data-element_type=\"column\" data-e-type=\"column\">\n\t\t\t<div class=\"elementor-widget-wrap elementor-element-populated\">\n\t\t\t\t\t\t<div class=\"elementor-element elementor-element-6af33e2 elementor-widget elementor-widget-image\" data-id=\"6af33e2\" data-element_type=\"widget\" data-e-type=\"widget\" data-widget_type=\"image.default\">\n\t\t\t\t<div class=\"elementor-widget-container\">\n\t\t\t\t\t\t\t\t\t\t\t\t\t\t\t<img loading=\"lazy\" decoding=\"async\" width=\"2560\" height=\"1057\" src=\"https:\/\/172.105.103.139\/wp-content\/uploads\/2026\/02\/Diferenciadores-conquisstadores-scaled.jpg\" class=\"attachment-full size-full wp-image-3050\" alt=\"\" srcset=\"https:\/\/172.105.103.139\/wp-content\/uploads\/2026\/02\/Diferenciadores-conquisstadores-scaled.jpg 2560w, https:\/\/172.105.103.139\/wp-content\/uploads\/2026\/02\/Diferenciadores-conquisstadores-300x124.jpg 300w, https:\/\/172.105.103.139\/wp-content\/uploads\/2026\/02\/Diferenciadores-conquisstadores-1024x423.jpg 1024w, https:\/\/172.105.103.139\/wp-content\/uploads\/2026\/02\/Diferenciadores-conquisstadores-768x317.jpg 768w, https:\/\/172.105.103.139\/wp-content\/uploads\/2026\/02\/Diferenciadores-conquisstadores-1536x634.jpg 1536w, https:\/\/172.105.103.139\/wp-content\/uploads\/2026\/02\/Diferenciadores-conquisstadores-2048x846.jpg 2048w\" sizes=\"(max-width: 2560px) 100vw, 2560px\" \/>\t\t\t\t\t\t\t\t\t\t\t\t\t\t\t<\/div>\n\t\t\t\t<\/div>\n\t\t\t\t\t<\/div>\n\t\t<\/div>\n\t\t\t\t\t<\/div>\n\t\t<\/section>\n\t\t\t\t<section class=\"elementor-section elementor-top-section elementor-element elementor-element-5f1191f elementor-section-boxed elementor-section-height-default elementor-section-height-default\" data-id=\"5f1191f\" data-element_type=\"section\" data-e-type=\"section\">\n\t\t\t\t\t\t<div class=\"elementor-container elementor-column-gap-default\">\n\t\t\t\t\t<div class=\"elementor-column elementor-col-100 elementor-top-column elementor-element elementor-element-f86f8f5\" data-id=\"f86f8f5\" data-element_type=\"column\" data-e-type=\"column\">\n\t\t\t<div class=\"elementor-widget-wrap elementor-element-populated\">\n\t\t\t\t\t\t<div class=\"elementor-element elementor-element-4c345d4 elementor-widget elementor-widget-text-editor\" data-id=\"4c345d4\" data-element_type=\"widget\" data-e-type=\"widget\" data-widget_type=\"text-editor.default\">\n\t\t\t\t<div class=\"elementor-widget-container\">\n\t\t\t\t\t\t\t\t\t<p>\u00bfEst\u00e1s listo para formar l\u00edderes que Conquisten?<\/p>\t\t\t\t\t\t\t\t<\/div>\n\t\t\t\t<\/div>\n\t\t\t\t<div class=\"elementor-element elementor-element-2511a4f elementor-widget__width-initial elementor-widget elementor-widget-text-editor\" data-id=\"2511a4f\" data-element_type=\"widget\" data-e-type=\"widget\" data-widget_type=\"text-editor.default\">\n\t\t\t\t<div class=\"elementor-widget-container\">\n\t\t\t\t\t\t\t\t\t<ul><li>Sistema de Gesti\u00f3n de la Seguridad y Salud en el Trabajo Decreto 1072 de 2015 (2.2.4.6) NTC ISO 45001:2018.<\/li><li>Est\u00e1ndares m\u00ednimos. Resoluci\u00f3n 0312 de 2019.<\/li><li>Registro Uniforme de Contratistas \u2013 RUC<sup>\u00ae<\/sup>.<\/li><li>Sistema de Gesti\u00f3n de la Calidad. NTC ISO 9001:2015.<\/li><li>Sistema de Gesti\u00f3n Ambiental. NTC ISO 14001:2015.<\/li><li>Planeaci\u00f3n Estrat\u00e9gica.<\/li><li>Dise\u00f1o de sistemas de gamificaci\u00f3n para el mejoramiento de la gesti\u00f3n de HSEQ.<\/li><li>Consultor\u00edas en el mejoramiento de la alineaci\u00f3n e interacci\u00f3n de procesos.<\/li><li>Consultor\u00eda para el control de contratistas.<\/li><\/ul>\t\t\t\t\t\t\t\t<\/div>\n\t\t\t\t<\/div>\n\t\t\t\t\t<\/div>\n\t\t<\/div>\n\t\t\t\t\t<\/div>\n\t\t<\/section>\n\t\t\t\t<section class=\"elementor-section elementor-top-section elementor-element elementor-element-71031d6 elementor-section-boxed elementor-section-height-default elementor-section-height-default\" data-id=\"71031d6\" data-element_type=\"section\" data-e-type=\"section\">\n\t\t\t\t\t\t<div class=\"elementor-container elementor-column-gap-default\">\n\t\t\t\t\t<div class=\"elementor-column elementor-col-100 elementor-top-column elementor-element elementor-element-afb660d\" data-id=\"afb660d\" data-element_type=\"column\" data-e-type=\"column\">\n\t\t\t<div class=\"elementor-widget-wrap elementor-element-populated\">\n\t\t\t\t\t\t<div class=\"elementor-element elementor-element-5d1f404 elementor-widget elementor-widget-text-editor\" data-id=\"5d1f404\" data-element_type=\"widget\" data-e-type=\"widget\" data-widget_type=\"text-editor.default\">\n\t\t\t\t<div class=\"elementor-widget-container\">\n\t\t\t\t\t\t\t\t\t<p><strong>Convirtamos tu equipo de SST en un motor estrat\u00e9gico de prevenci\u00f3n y liderazgo organizacional.<\/strong><\/p>\t\t\t\t\t\t\t\t<\/div>\n\t\t\t\t<\/div>\n\t\t\t\t\t<\/div>\n\t\t<\/div>\n\t\t\t\t\t<\/div>\n\t\t<\/section>\n\t\t\t\t<section class=\"elementor-section elementor-top-section elementor-element elementor-element-0abfe8e elementor-section-full_width elementor-section-height-default elementor-section-height-default\" data-id=\"0abfe8e\" data-element_type=\"section\" data-e-type=\"section\">\n\t\t\t\t\t\t<div class=\"elementor-container elementor-column-gap-default\">\n\t\t\t\t\t<div class=\"elementor-column elementor-col-100 elementor-top-column elementor-element elementor-element-566d2ae\" data-id=\"566d2ae\" data-element_type=\"column\" data-e-type=\"column\">\n\t\t\t<div class=\"elementor-widget-wrap elementor-element-populated\">\n\t\t\t\t\t\t<div class=\"elementor-element elementor-element-e06fb7b elementor-button-info elementor-align-center elementor-widget elementor-widget-button\" data-id=\"e06fb7b\" data-element_type=\"widget\" data-e-type=\"widget\" data-widget_type=\"button.default\">\n\t\t\t\t<div class=\"elementor-widget-container\">\n\t\t\t\t\t\t\t\t\t<div class=\"elementor-button-wrapper\">\n\t\t\t\t\t<a class=\"elementor-button elementor-button-link elementor-size-sm elementor-animation-pulse-shrink\" href=\"https:\/\/wa.me\/3176467327\" target=\"_blank\">\n\t\t\t\t\t\t<span class=\"elementor-button-content-wrapper\">\n\t\t\t\t\t\t\t\t\t<span class=\"elementor-button-text\">Cont\u00e1ctanos<\/span>\n\t\t\t\t\t<\/span>\n\t\t\t\t\t<\/a>\n\t\t\t\t<\/div>\n\t\t\t\t\t\t\t\t<\/div>\n\t\t\t\t<\/div>\n\t\t\t\t\t<\/div>\n\t\t<\/div>\n\t\t\t\t\t<\/div>\n\t\t<\/section>\n\t\t\t\t<\/div>\n\t\t","protected":false},"excerpt":{"rendered":"<p>Programa experiencial que fortalece liderazgo, influencia y gesti\u00f3n por procesos a trav\u00e9s de metodolog\u00eda MTa\u00ae. \u00bfA qui\u00e9n esta dirigido? Equipos de SST \/ HSE. L\u00edderes de Seguridad y Salud en el Trabajo. Organizaciones que buscan fortalecer su cultura preventiva. Empresas que quieren posicionar el \u00e1rea de HSE como aliado estrat\u00e9gico del negocio. \u00bfEst\u00e1s listo para [&hellip;]<\/p>\n","protected":false},"author":5,"featured_media":2699,"parent":0,"menu_order":0,"comment_status":"closed","ping_status":"closed","template":"elementor_header_footer","meta":{"_eb_attr":"","_joinchat":[],"footnotes":""},"class_list":["post-3028","page","type-page","status-publish","has-post-thumbnail","hentry"],"_links":{"self":[{"href":"http:\/\/172.105.103.139\/index.php?rest_route=\/wp\/v2\/pages\/3028","targetHints":{"allow":["GET"]}}],"collection":[{"href":"http:\/\/172.105.103.139\/index.php?rest_route=\/wp\/v2\/pages"}],"about":[{"href":"http:\/\/172.105.103.139\/index.php?rest_route=\/wp\/v2\/types\/page"}],"author":[{"embeddable":true,"href":"http:\/\/172.105.103.139\/index.php?rest_route=\/wp\/v2\/users\/5"}],"replies":[{"embeddable":true,"href":"http:\/\/172.105.103.139\/index.php?rest_route=%2Fwp%2Fv2%2Fcomments&post=3028"}],"version-history":[{"count":5,"href":"http:\/\/172.105.103.139\/index.php?rest_route=\/wp\/v2\/pages\/3028\/revisions"}],"predecessor-version":[{"id":3315,"href":"http:\/\/172.105.103.139\/index.php?rest_route=\/wp\/v2\/pages\/3028\/revisions\/3315"}],"wp:featuredmedia":[{"embeddable":true,"href":"http:\/\/172.105.103.139\/index.php?rest_route=\/wp\/v2\/media\/2699"}],"wp:attachment":[{"href":"http:\/\/172.105.103.139\/index.php?rest_route=%2Fwp%2Fv2%2Fmedia&parent=3028"}],"curies":[{"name":"wp","href":"https:\/\/api.w.org\/{rel}","templated":true}]}}